umber?
True
Let t be 3 - 1/(-2)*-2. Suppose -4 = t*v - 12. Is 5*3*4/v composite?
True
Let j = 22687 + -14054. Is j a prime number?
False
Let z = 36 + -36. Is z + -22*(-914)/4 a composite number?
True
Let x = -19 + 19. Suppose -2*m + m + 134 = x. Is m a composite number?
True
Let d = -116 + 200. Suppose d = 2*p + 2*t, 5*t + 262 = 4*p + 49. Is p a composite number?
False
Suppose -3*q = 4*k - 2*k - 142, 0 = -3*k + 5*q + 213. Suppose -2*s = -k - 311. Is s prime?
True
Let r be (3*4)/((-12)/(-8)). Let z = 26 - r. Let x = 101 + z. Is x a composite number?
True
Suppose 34869 = 5*u - 5*p - 101921, 5*u + 4*p = 136817. Is u a prime number?
True
Suppose -56622 = -68*m + 1573406. Is m prime?
True
Let r be -1 - 3 - (-66)/2. Let n = r - 41. Let y(p) = -p**3 - 11*p**2 - 2*p - 5. Is y(n) prime?
True
Let l = 39056 - -3435. Is l a prime number?
True
Let b(v) = 9*v - 58. Let u be b(7). Suppose -3*m = 5*i - 1913, -m = u*i - 2*i - 643. Is m prime?
True
Let v(c) = -9*c**2 + 8*c - 2. Let s(b) = b**2 + b - 1. Let h(m) = 4*s(m) - v(m). Let q be h(4). Suppose 20*y = 15*y + q. Is y prime?
False
Let v(l) = -17*l - 3 + 3 - 1 - 3. Suppose -2*d + 2*b + 2*b - 12 = 0, 0 = 2*d - 3*b + 14. Is v(d) composite?
True
Let t(z) = -z**3 + 13*z**2 - 17*z - 9. Is t(-8) a prime number?
True
Let t = -7228 + 10241. Is t a prime number?
False
Suppose -1 = -2*s + o, o + 3*o = -4. Suppose 2*j - 6 - 6 = s. Is 6/(-9) - (-874)/j a composite number?
True
Let q be ((-4)/(-6))/(5/210). Let d = -136 + q. Let b = 25 - d. Is b prime?
False
Let h be ((-5591)/(-1))/(10 + -9). Suppose 1111 = 6*u - h. Is u prime?
True
Let o = 20 + -23. Let c(a) be the first derivative of 106*a**3/3 + a**2/2 + 4*a + 1. Is c(o) composite?
True
Let i = 14 - 28. Let h be i/63 + 1174/18. Suppose v = -0*v + h. Is v prime?
False
Let t be 403/(-15) - 38/285. Suppose 18 = 5*s - 3*g - 26, 0 = -2*s - 3*g + 26. Let f = s - t. Is f a composite number?
False
Let r(i) = i + 7. Let z be r(10). Let k(y) = 81*y - 20. Is k(z) prime?
False
Let y(b) = -3*b - 5. Let g be y(-13). Suppose -g*c + 1972 = -30*c. Is c a composite number?
True
Suppose -7887 + 542827 = 20*y. Is y a composite number?
True
Suppose 2 + 3 = 5*h, h - 16942 = -3*j. Is j composite?
False
Suppose -r + 5364 = 2*w, 21*w - 23*w + 5354 = -4*r. Is w a prime number?
False
Let v(d) = 6*d**3 - 6*d**2 + 3. Let y be v(-4). Let j be 2 + 0 + (y - 2). Is j*(16/(-12) + 1) a prime number?
False
Let a(u) = -u - 8. Let i be a(-8). Let j(z) = -z**3 + z + 3. Let d be j(i). Suppose 138 = d*b - 0*b. Is b a prime number?
False
Let m = 68 - 63. Let x = -3 + 6. Suppose -4*l - 134 = -0*z - 3*z, -x*l + 175 = m*z. Is z a prime number?
False
Let m(w) = 0*w**2 + w + 2 - w**2 + 3*w + 29. Is m(7) a composite number?
True
Suppose 6*a - 44 + 26 = 0. Let w(g) = -g**3 + 6*g**2 - 4*g + 7. Let r(d) = 2*d**3 - 9*d**2 + 6*d - 10. Let m(q) = 5*r(q) + 7*w(q). Is m(a) a composite number?
False
Let y be -2 + 8225/2 + (-4)/(-8). Suppose 2*k = 2*h - 4108, -2*k + y = 2*h - 7*k. Is h composite?
False
Is (51/6)/((-51)/(-359754)) a composite number?
True
Suppose 0 = 2*j + 4, 0*j - 7930 = -5*b - 5*j. Suppose 7*p - b = 3970. Is p prime?
False
Let y = 3217 + -1422. Is y a composite number?
True
Let v be ((-218)/(-6))/(14/462). Let m = -112 + v. Is m a prime number?
True
Let g be ((-8)/14)/(1/(-7)). Let j be 321/g + 5/(-20). Is (19/(-2))/((-8)/j) a prime number?
False
Suppose 18*z - 10 = 13*z. Is z + -5 - -5 - -63 a prime number?
False
Let l(m) = 9263*m**2 - 26*m + 26. Is l(1) a composite number?
True
Suppose 63024 = 3*w - 2*o + 5407, -19197 = -w + 5*o. Is w composite?
False
Let m(l) = -307*l - 1131. Is m(-50) prime?
False
Suppose -1355 = -3*k + m, 5*k + m = -0*k + 2253. Suppose 4*n + k = 5*n. Is n prime?
False
Is 354 - (0 - 7) - 6 prime?
False
Suppose -9*d + 3*d = 12. Let c(z) = -154*z**3 + 3*z**2 - 2*z - 1. Is c(d) a prime number?
False
Let k be 279/15 + 2/5. Let i = k + -1. Is (-12)/i*(0 - 51) composite?
True
Suppose 54*z - 52*z = 41986. Is z a prime number?
False
Suppose 150 = -m - m + 5*q, 0 = m + 4*q + 62. Let z(v) = 2*v - 3. Let n be z(5). Is 100/n - (-20)/m composite?
True
Let i = 1340 - -317. Is i composite?
False
Suppose -f = f + 5*l - 18, -5*l + 20 = 0. Let z be ((-3)/(-1) - 3) + f. Is 647 + z - (-5 + 2) a composite number?
True
Suppose i - 2 = 4*d, -5*i + 0*d + d + 10 = 0. Suppose 13277 = 5*m - 4*r, 2490 = m - i*r - 169. Is m prime?
False
Suppose -5*b = l - 51, 3*l + b + 21 = 4*l. Suppose -2*c + 5*s = 7, 3*s + l = 5*c + 5*s. Suppose 1145 - 261 = c*w. Is w a prime number?
False
Let i(m) = 47*m**2 - 2*m - 10. Is i(-7) composite?
True
Suppose -68*k = -48*k - 2010940. Is k composite?
False
Suppose 5*j = -5 + 15. Is 501/1 - (j - 0) prime?
True
Suppose 0 = -2*s + 2*j - 60, 5*j + 44 = -4*s - 40. Let l be ((-39)/s)/((-3)/(-10)). Suppose a - 997 = 3*o, -3*a + 2*o - l*o = -2991. Is a composite?
False
Suppose 5*c - 582 - 903 = 0. Let a = 572 + c. Is a prime?
False
Let z(w) = -w + 12. Let p be z(6). Let u = 3 - p. Let a(r) = -25*r - 6. Is a(u) a composite number?
True
Is 1/(-2)*2*-851 prime?
False
Let t = -35 - -81. Let i = -52 - -37. Let c = i + t. Is c composite?
False
Suppose 4*j + 2*r = -2*r + 3444, 0 = 3*j - r - 2587. Is j a prime number?
False
Let k(m) = -m + 9. Let r = -7 - -13. Let o be k(r). Suppose 8*s - 4*q - 673 = o*s, 0 = -4*s - 2*q + 528. Is s prime?
False
Let q(d) = d**2 - 19*d. Let b be q(14). Let i = 9 - 8. Is 1/((-2)/b*i) prime?
False
Let c(l) = -l**2 - 3*l - 38. Let q be c(0). Let g = 8 - q. Is g a composite number?
True
Suppose 0 = -8*u + 3*u + 17045. Let i = u + -1880. Is i a composite number?
True
Let g(o) = -o + 383. Let c = 2 + -2. Let h be g(c). Suppose 0 = -5*f - 2*r + h, -3*f = -6*r + r - 236. Is f a prime number?
False
Let n(a) = 298*a**2 - 7*a - 6. Let f(d) = 1. Let r(m) = 2*f(m) + n(m). Is r(3) composite?
False
Suppose -4*x - 4*j = -16, x + x - 3*j + 12 = 0. Suppose -2*l - 1524 = 3*g - 4*g, x = 5*g + 3*l - 7646. Is g/12*9/6 a prime number?
True
Let c be (-228)/(-18) + (-3)/(-9). Let p = c + -19. Is (3 + -1)/(p/(-357)) a composite number?
True
Suppose -3*i + 5332 + 1127 = 0. Is i prime?
True
Let v(a) = -a**3 + 23*a**2 - 14*a + 3. Let j = 52 + -32. Is v(j) composite?
True
Suppose -2*a = 2*i - 12334, -2*a - 3*i = 2*a - 24664. Is a a composite number?
False
Is (9644/(-16))/((-1)/4) prime?
True
Let g = 12 - 7. Let q(k) = -k**2 - 3*k + 8*k + 79 - g*k. Is q(0) composite?
False
Let x(d) = -d**3 - 7*d**2 - 6*d + 3. Let y be x(-6). Suppose -394 = -5*n - 3*s, -3*n = s - y*s - 225. Is n a composite number?
True
Suppose -12*z + 66082 + 83330 = 0. Is z a prime number?
True
Suppose 4*f - 13441 - 1075 = 0. Is f composite?
True
Let s(n) = -296 + 4*n**2 + 309 - 10*n + 65*n**3 - 5*n**2 - 3*n**2. Is s(4) composite?
True
Let h(d) = 4*d**2 + 9*d + 8. Suppose f - 50 + 21 = 5*l, -l - 2*f - 8 = 0. Let r be h(l). Suppose -2*n + r = -0*n. Is n a composite number?
True
Let h = -477 - -474. Let g(f) be the first derivative of -131*f**2/2 - 2*f + 1. Is g(h) composite?
True
Suppose -r + 4*g = -8 - 8, 0 = 4*g + 16. Suppose 3 + r = a. Suppose -a*c + 0*c + 249 = 0. Is c composite?
False
Let y be 28/(-70) + 44/10. Is 2/(-4) - 1/(y/(-574)) a prime number?
False
Let b = 174 + 8. Is 0 + 1 - (2 + -4 - b) composite?
True
Suppose 0 = -5*t + 25. Suppose -5520 = -3*n - 3*q, q + 0*q + 9206 = t*n. Is n composite?
True
Let z(x) = -3*x**3 + 2*x**2 + 2*x - 4. Let o be 95 + (-3)/6*-6. Let v be (-2)/10 + o/(-35). Is z(v) a composite number?
False
Let d = 13 + 2. Suppose -5*h + 0 = d. Let r(q) = 6*q**2 + 3*q + 1. Is r(h) prime?
False
Let c = -2089 - -11618. Is c a composite number?
True
Suppose 45*r = 50*r - 90. Is 21/6*r/3 composite?
True
Let q(c) = -c + 7. Let g be q(5). Suppose -j - 5*m = -29, -g*j - 4*m + 109 = j. Is j a prime number?
False
Suppose 0 = 9*s - 9188 - 25093. Is s prime?
False
Let w(l) = 9*l**2 - 16*l - 20. Let j be w(-10). Suppose j = -6*n + 6482. Is n a prime number?
True
Suppose -2*w = -7*w + 10, -2*p + 15194 = -4*w. Is p prime?
False
Let s = 55 + -41. Is ((-2)/4)/(-2 - (-27)/s) a composite number?
False
Suppose -i - 3 = -2*i. Suppose 0 = -q + i*q + 574. Let r = q + 552. Is r a composite number?
True
Let b(v) = -14*v + 3. Let m be b(-3). Let f = m - -18. Suppose -z + 160 = -f. Is z composite?
False
Let j(k) be the first deri